{"id":2,"date":"2015-11-03T19:25:46","date_gmt":"2015-11-03T18:25:46","guid":{"rendered":"http:\/\/pouce-et-compagnie.fr\/?page_id=2"},"modified":"2017-09-26T17:48:10","modified_gmt":"2017-09-26T16:48:10","slug":"realisations","status":"publish","type":"page","link":"https:\/\/pouce-et-compagnie.lu\/index.php\/realisations\/","title":{"rendered":"R\u00e9alisations"},"content":{"rendered":"<p>Pouce et Compagnie vous pr\u00e9sente les diff\u00e9rentes r\u00e9alisations \u00e0 son actif, en France avant 2013 et au Luxembourg depuis. Ces r\u00e9alisations ont \u00e9t\u00e9 faites pour le compte de particuliers ou de professionnels, car nous r\u00e9pondons \u00e0 toutes les demandes et savons nous adapter aux contraintes et au budget de tous les projets.<\/p>\n<ul>\n<li><a href=\"http:\/\/pouce-et-compagnie.lu\/index.php\/collections\/mascottes\/\">Mascottes<\/a> : t\u00eates ou personnages entiers surdimensionn\u00e9s pour repr\u00e9senter une marque ou un \u00e9v\u00e9nement<\/li>\n<li><a href=\"http:\/\/pouce-et-compagnie.lu\/index.php\/collections\/publicite-et-vetements-d-image\/\">Publicit\u00e9s et v\u00eatements d&rsquo;image<\/a> : costumes pour des campagnes publicitaires ou des \u00e9v\u00e9nements commerciaux<\/li>\n<li><a href=\"http:\/\/pouce-et-compagnie.lu\/index.php\/realisations\/tenues-de-scene\/\">Tenues de sc\u00e8ne, costumes\u00a0d&rsquo;inspiration historique ou cosplay<\/a>: costumes r\u00e9alis\u00e9s dans le cadre de spectacles priv\u00e9s ou professionnels : ce sont des tutus de danse pour des associations locales, des costumes de th\u00e9\u00e2tre, des costumes pour des shows, des festivals, des animations historiques&#8230;.<\/li>\n<li><a href=\"http:\/\/pouce-et-compagnie.lu\/index.php\/realisations\/deguisements\/\">D\u00e9guisements et soir\u00e9es costum\u00e9es<\/a> : costumes enti\u00e8rement sur-mesure ou personnalis\u00e9s \u00e0 partir de mod\u00e8les du commerce<\/li>\n<li><a href=\"http:\/\/pouce-et-compagnie.lu\/index.php\/realisations\/realisations-pour-levenementiel-et-expositions\/\">R\u00e9alisations pour l&rsquo;\u00e9v\u00e9nementiel et expositions<\/a> : costumes ou produits textiles r\u00e9alis\u00e9s pour des manifestions (salons professionnels, expositions, &#8230;.)<\/li>\n<li><a href=\"http:\/\/pouce-et-compagnie.lu\/index.php\/realisations\/ceremonies\/\">C\u00e9r\u00e9monies<\/a> : costumes de bapt\u00eame, mariage, soir\u00e9e, etc&#8230; ainsi et d\u00e9corations de salle pour ces \u00e9v\u00e9nements<\/li>\n<li><a href=\"http:\/\/pouce-et-compagnie.lu\/index.php\/defile-de-mode\/\">D\u00e9fil\u00e9s de mode<\/a> : nous r\u00e9alisons les costumes de cr\u00e9ateurs pour leur d\u00e9fil\u00e9 \u00e0 partir de leurs dessins<\/li>\n<li>D\u00e9co : r\u00e9alisation de d\u00e9coration de chambres d&rsquo;enfants, habillage de berceaux, &#8230;.<\/li>\n<\/ul>\n","protected":false},"excerpt":{"rendered":"<p>Pouce et Compagnie vous pr\u00e9sente les diff\u00e9rentes r\u00e9alisations \u00e0 son actif, en France avant 2013 et au Luxembourg depuis. Ces r\u00e9alisations ont \u00e9t\u00e9 faites pour le compte de particuliers ou de professionnels, car nous r\u00e9pondons \u00e0 toutes les demandes et&#8230;<\/p>\n","protected":false},"author":1,"featured_media":0,"parent":0,"menu_order":0,"comment_status":"closed","ping_status":"open","template":"","meta":{"footnotes":""},"class_list":["post-2","page","type-page","status-publish","hentry"],"_links":{"self":[{"href":"https:\/\/pouce-et-compagnie.lu\/index.php\/wp-json\/wp\/v2\/pages\/2","targetHints":{"allow":["GET"]}}],"collection":[{"href":"https:\/\/pouce-et-compagnie.lu\/index.php\/wp-json\/wp\/v2\/pages"}],"about":[{"href":"https:\/\/pouce-et-compagnie.lu\/index.php\/wp-json\/wp\/v2\/types\/page"}],"author":[{"embeddable":true,"href":"https:\/\/pouce-et-compagnie.lu\/index.php\/wp-json\/wp\/v2\/users\/1"}],"replies":[{"embeddable":true,"href":"https:\/\/pouce-et-compagnie.lu\/index.php\/wp-json\/wp\/v2\/comments?post=2"}],"version-history":[{"count":29,"href":"https:\/\/pouce-et-compagnie.lu\/index.php\/wp-json\/wp\/v2\/pages\/2\/revisions"}],"predecessor-version":[{"id":678,"href":"https:\/\/pouce-et-compagnie.lu\/index.php\/wp-json\/wp\/v2\/pages\/2\/revisions\/678"}],"wp:attachment":[{"href":"https:\/\/pouce-et-compagnie.lu\/index.php\/wp-json\/wp\/v2\/media?parent=2"}],"curies":[{"name":"wp","href":"https:\/\/api.w.org\/{rel}","templated":true}]}}