{"id":676,"date":"2017-09-26T17:47:11","date_gmt":"2017-09-26T16:47:11","guid":{"rendered":"http:\/\/pouce-et-compagnie.lu\/?page_id=676"},"modified":"2018-11-07T12:34:52","modified_gmt":"2018-11-07T11:34:52","slug":"defile-de-mode","status":"publish","type":"page","link":"https:\/\/pouce-et-compagnie.lu\/index.php\/realisations\/defile-de-mode\/","title":{"rendered":"D\u00e9fil\u00e9 de mode"},"content":{"rendered":"<p style=\"text-align: left;\">L&rsquo;atelier Pouce et Compagnie confectionne les tenues des cr\u00e9ateurs \u00e0 partir de leurs dessins. Nous aidons au choix des mati\u00e8res et proposons des solutions pour la r\u00e9alisation.<\/p>\n<p>Nous avons travaill\u00e9 pour <a href=\"https:\/\/www.facebook.com\/Rapha%C3%ABl-Haute-Couture-1474406132582210\/\" target=\"_blank\" rel=\"noopener\">Rapha\u00ebl Haute Couture<\/a>. Sa premi\u00e8re collection de 4 mod\u00e8les a \u00e9t\u00e9 pr\u00e9sent\u00e9e lors de la finale de <a href=\"https:\/\/www.topmodelkidsluxembourg.com\/\" target=\"_blank\" rel=\"noopener\">Top Model Kids Luxembourg<\/a> \u00e0 la salle Artikuss \u00e0 Soleuvre le 11 juin 2017.\u00a0 Les images appartiennent \u00e0 l&rsquo;agence All in One qui organise la manifestation.<\/p>\n<div style=\"width: 600px;\" class=\"wp-video\"><video class=\"wp-video-shortcode\" id=\"video-676-1\" width=\"600\" height=\"338\" poster=\"https:\/\/pouce-et-compagnie.lu\/atelier\/wp-content\/uploads\/2017\/09\/d\u00e9fil\u00e9-Raphael-et-ses-muses.jpg\" preload=\"metadata\" controls=\"controls\"><source type=\"video\/mp4\" src=\"https:\/\/pouce-et-compagnie.lu\/atelier\/wp-content\/uploads\/2017\/09\/Haute-Couture-Rapha\u00ebl.mp4?_=1\" \/><a href=\"https:\/\/pouce-et-compagnie.lu\/atelier\/wp-content\/uploads\/2017\/09\/Haute-Couture-Rapha\u00ebl.mp4\">https:\/\/pouce-et-compagnie.lu\/atelier\/wp-content\/uploads\/2017\/09\/Haute-Couture-Rapha\u00ebl.mp4<\/a><\/video><\/div>\n","protected":false},"excerpt":{"rendered":"<p>L&rsquo;atelier Pouce et Compagnie confectionne les tenues des cr\u00e9ateurs \u00e0 partir de leurs dessins. Nous aidons au choix des mati\u00e8res et proposons des solutions pour la r\u00e9alisation. Nous avons travaill\u00e9 pour Rapha\u00ebl Haute Couture. Sa premi\u00e8re collection de 4 mod\u00e8les&#8230;<\/p>\n","protected":false},"author":1,"featured_media":0,"parent":2,"menu_order":0,"comment_status":"closed","ping_status":"closed","template":"","meta":{"footnotes":""},"class_list":["post-676","page","type-page","status-publish","hentry"],"_links":{"self":[{"href":"https:\/\/pouce-et-compagnie.lu\/index.php\/wp-json\/wp\/v2\/pages\/676","targetHints":{"allow":["GET"]}}],"collection":[{"href":"https:\/\/pouce-et-compagnie.lu\/index.php\/wp-json\/wp\/v2\/pages"}],"about":[{"href":"https:\/\/pouce-et-compagnie.lu\/index.php\/wp-json\/wp\/v2\/types\/page"}],"author":[{"embeddable":true,"href":"https:\/\/pouce-et-compagnie.lu\/index.php\/wp-json\/wp\/v2\/users\/1"}],"replies":[{"embeddable":true,"href":"https:\/\/pouce-et-compagnie.lu\/index.php\/wp-json\/wp\/v2\/comments?post=676"}],"version-history":[{"count":23,"href":"https:\/\/pouce-et-compagnie.lu\/index.php\/wp-json\/wp\/v2\/pages\/676\/revisions"}],"predecessor-version":[{"id":733,"href":"https:\/\/pouce-et-compagnie.lu\/index.php\/wp-json\/wp\/v2\/pages\/676\/revisions\/733"}],"up":[{"embeddable":true,"href":"https:\/\/pouce-et-compagnie.lu\/index.php\/wp-json\/wp\/v2\/pages\/2"}],"wp:attachment":[{"href":"https:\/\/pouce-et-compagnie.lu\/index.php\/wp-json\/wp\/v2\/media?parent=676"}],"curies":[{"name":"wp","href":"https:\/\/api.w.org\/{rel}","templated":true}]}}